.
30
Suppose -k = -4*o - 61 - 11, -3*k + o + 194 = 0. Suppose -12*z + 8*z = -k. What is the remainder when 46 is divided by z?
14
Suppose 4*p - 5*w = 10 - 2, w + 8 = 4*p. Suppose -p*z + 26 + 18 = 0. Suppose -2*r + 83 = -1. What is the remainder when r is divided by z?
20
Let r = -800 - -814. Calculate the remainder when 289 is divided by r.
9
What is the remainder when 674 is divided by ((-3)/2)/(162/(-4320))?
34
Let q = 18 - 16. Suppose -q*k = 4*k - 120. What is the remainder when k is divided by 11?
9
Let f = 48 - 26. Let g = -14 + f. What is the remainder when 28 is divided by g?
4
Let a(r) = -r**3 + 13*r**2 - 11*r + 10. Calculate the remainder when 107 is divided by a(12).
19
Let k = -10 + 8. Let v(r) = -r**2 - 6*r - 2. Calculate the remainder when 27 is divided by v(k).
3
Suppose -5*h + 4*h = 4*q - 2381, 0 = 4*q - 4*h - 2376. Calculate the remainder when q is divided by 13.
10
Let i(k) = -64*k**3 + 2*k**2 - 1. Let p be (-234)/198 + (-4)/(-22). What is the remainder when i(p) is divided by 33?
32
Suppose 3*r + 3*x = 9 + 9, 5*r - 36 = -3*x. Let o = r + 58. Suppose -4*h = -5*q + o, 4*h + 4 = -q - h. Calculate the remainder when 21 is divided by q.
10
Let w(x) = x**2 - 3*x. Let c be w(8). Let y = 56 - c. Let a = 28 + -19. What is the remainder when y is divided by a?
7
Suppose 8 = -3*v - 4*j, 6*v + 2 = 3*v - j. Suppose v*k + 2*k = 40. Calculate the remainder when 1496/k - 3/(-15) is divided by 26.
23
Suppose 0 = 5*h, 26 = 9*v - 7*v - 2*h. What is the remainder when 25 is divided by v?
12
Let l(a) = a**3 + 5*a**2 - a - 1. Let q be l(-4). Let b = -2 + q. What is the remainder when 31 is divided by b?
14
Let n(v) be the first derivative of -v**2/2 - 19*v + 7. Let h be n(-10). What is the remainder when (-313)/(-9) + (-2)/h is divided by 19?
16
Let v(p) = 2*p - 28. Let c be v(14). Suppose c = 3*a + 9, s - 2 = -3*a - 0*a. Calculate the remainder when 41 is divided by s.
8
Let l(m) = -3*m + 12. Calculate the remainder when 109 is divided by l(-4).
13
Let p(c) = -2*c. Let k(i) = i**2 + 8*i + 2. Calculate the remainder when p(-4) is divided by k(-8).
0
Let m = -27 - -42. Calculate the remainder when 73 is divided by m.
13
Let r(d) = -9*d + 6. Let l be r(4). Calculate the remainder when (-2 - 3) + 4 + 47 is divided by 1*4/(-10)*l.
10
Let m = 250 + -242. What is the remainder when 21 is divided by m?
5
What is the remainder when 181 is divided by 15 + (-5 - 16/8)?
5
What is the remainder when 5*16 + 1 + -57 + 63 is divided by (-4)/(-6) + (-130)/(-3)?
43
Let b = -1085 + 1086. Calculate the remainder when (-21)/(-9) + 2/3 is divided by b.
0
Let q be ((-2)/4)/(5/(-40)). Suppose q*w - 56 = -4. Let g = w - 5. Calculate the remainder when 30 is divided by g.
6
Let r(b) be the first derivative of -b**2/2 + 23*b + 2. Suppose -w + 3*w + 22 = 4*k, 0 = 4*k + 3*w - 37. Calculate the remainder when r(-10) is divided by k.
5
Let o(j) be the third derivative of -j**4/8 - 5*j**3/3 - 3*j**2. Suppose 2 = 5*f + 32. Calculate the remainder when 29 is divided by o(f).
5
Suppose 16 = 4*v, 3*s - 17 - 2 = 2*v. Let q = s + -15. What is the remainder when ((-10)/3)/(q/63) is divided by 18?
17
Let j(t) = t**3 + 5*t**2 + 3*t - 4. Let z be j(-4). Suppose -4*g + 8*g - 12 = z. Calculate the remainder when 3 is divided by g.
0
Let r(x) = x**3 + 12*x**2 - 2*x - 8. Let k be r(-12). Let w = -13 + k. Calculate the remainder when 18 is divided by w.
0
Suppose -a + 2*a + 1 = 0. Let o(p) = -13. Let r(y) = -y. Let i(z) = a*r(z) - o(z). Calculate the remainder when 6 is divided by i(-11).
0
Let l = 74 + -214. Calculate the remainder when (1 - l/6)*3 is divided by (-8 - -6)*(-2)/(8/30).
13
Let i(c) = -2*c**2 + 15*c - 7. Let y be i(6). Suppose k - 3*m = 2*k - y, -m + 111 = 5*k. What is the remainder when 113 is divided by k?
21
Let o(t) = 17*t + 1. Suppose 1 = -0*q + q. What is the remainder when 33 is divided by o(q)?
15
Calculate the remainder when 1051 is divided by (15/(-120))/((-8)/1984).
28
Let f(s) = 22*s**2 + 94*s + 287. Calculate the remainder when 627 is divided by f(-3).
18
Suppose -472 = -42*j - 10. Let m be 4/(-10) + (-54)/(-10). Suppose m*z + a = 155, -125 = -z - 3*z - a. What is the remainder when z is divided by j?
8
Suppose -4*s + 37 + 3 = 4*t, -s = -4*t. Calculate the remainder when 125 is divided by s.
5
Let z(a) = 7*a + 9. Let v be z(3). Suppose -3*b + v + 219 = 0. What is the remainder when b is divided by 22?
17
Suppose -4*m - 584 = -2*q - 8*m, 2*m + 308 = q. What is the remainder when q is divided by 45?
30
Let o(g) = 15*g - 70. Calculate the remainder when 8 is divided by o(5).
3
Let z be -3 - -2 - (-2 + -109). Let x = -66 + z. Suppose 3*f = -2*l + 64, 0*f - 2*f = 2*l - x. Calculate the remainder when f is divided by 11.
9
Let c(i) = -2 + i + 16 - 2. Let p be c(-9). Suppose p*x + 0*w - 29 = 5*w, -5*w = -x + 23. What is the remainder when x is divided by 1?
0
Suppose -5*y + 132 - 695 = -4*d, -3*y + 676 = 5*d. Let t(q) = 3*q + 112. Calculate the remainder when d is divided by t(-28).
25
Let c = 13 + 4. Let q(a) = 7*a**2 - 77*a - 337. What is the remainder when q(-4) is divided by c?
15
Suppose -5*c + 287*m + 96 = 289*m, 3*m - 54 = -3*c. Calculate the remainder when 198 is divided by c.
18
Suppose -8*z = -z - 287. Suppose -z*h - 145 = -46*h. Calculate the remainder when 84 is divided by h.
26
Suppose 2*l + 5*v = 97, 4*v - 113 = -3*l + 3*v. Calculate the remainder when l is divided by 14.
8
Suppose 0 = 12*z - 88 - 908. What is the remainder when z is divided by 38?
7
Suppose -21 = -2*q - f, 0 = 4*q - 2*q - 5*f - 3. Suppose 4*x - 9 = 7. Suppose x*a - 7 = q. Calculate the remainder when 7 is divided by a.
3
Let f be (-2)/9 + (-493)/(-153). Suppose -2*s + r = -32, f*s - 89 = -2*s - 2*r. What is the remainder when 97 is divided by s?
12
Let g = -13 + 17. Let h be ((-34)/(-8))/(g/48). Suppose 6*c - 33 = h. Calculate the remainder when 39 is divided by c.
11
Let u(p) = 30*p + 73. Let q(j) = -10*j - 25. Let l(h) = 17*q(h) + 6*u(h). Let f = 10 - 5. What is the remainder when l(f) is divided by 16?
15
Let m(p) = -5*p - 17. Let z be m(6). Let c = -19 - z. What is the remainder when c is divided by 15?
13
Suppose 2*m = -5*t - 18, -3*t + 3 = -4*m - 7. Let u be (-9 + (1 - 4))/t. Let w = -4 + u. What is the remainder when 5 is divided by w?
1
Let u(q) = q**3 + 4*q**2 - 5*q - 1. Calculate the remainder when u(4) is divided by 18.
17
Let f(j) be the third derivative of -j**6/30 - j**3/6 - 14*j**2. What is the remainder when f(-2) is divided by 14?
3
Let c(w) = -3*w + 11. Let z = 816 - 810. Calculate the remainder when c(-8) is divided by z.
5
Suppose 5 = -5*w - g, 3*w - 4*g - 20 = -0*w. Let l be (-30)/(-2) + -3 + w. Suppose 4 = f - l. What is the remainder when 29 is divided by f?
13
Let z(l) = l**2 + 3*l + 23. What is the remainder when z(10) is divided by 20?
13
Suppose 0 = -4*d - g + 396, -10*g = -4*d - 7*g + 380. Calculate the remainder when d is divided by 37.
24
Let l(q) = 3*q - 4. Suppose 40*z - 37*z + 40 = 2*b, 5*b - 4*z = 86. What is the remainder when b is divided by l(3)?
4
Suppose 0 = -3*v + 4*n + 14, -2*v + 10*n + 40 = 15*n. What is the remainder when 19 is divided by v?
9
Let z = 105 - 103. Suppose -2*v + 4*c + 264 = 0, -z*v - 6*c = -3*c - 299. What is the remainder when v is divided by 24?
22
Let g(o) = -3*o + 35. Suppose 4*z - 383 + 27 = 0. Calculate the remainder when z is divided by g(4).
20
Let t(z) = -6*z - 39. What is the remainder when 159 is divided by t(-11)?
24
What is the remainder when 1/((4/(-1256))/((-7)/14)) is divided by 25?
7
Let k = 939 + -891. What is the remainder when k is divided by 3?
0
Let q = -13 - -15. Suppose 3*p - 117 = q*k + 166, 2*k = p - 93. What is the remainder when p is divided by 25?
20
Let u(s) = -7*s - 39. Let b be u(-16). Suppose 4*p + 21 = z - b, 114 = z + p. Calculate the remainder when z is divided by 28.
26
Let r = 276 + -253. Calculate the remainder when 46 is divided by r.
0
What is the remainder when ((-2)/10 - 1)*9960/(-83) is divided by 7?
4
Suppose 0 = -5*j - 2*p - 0*p, -5*p = 5*j - 15. Let c be 2 + (j - -17 - -2). Let o = c - 3. What is the remainder when 29 is divided by o?
13
Suppose q - 4*q - 3*m + 114 = 0, 2*m = -4*q + 146. Calculate the remainder when q is divided by (-38)/(-10)*115/23.
16
Let f be (-12120)/(-84) - (-